ctor of 22601 and 43571?
233
Calculate the highest common factor of 1764 and 81438.
294
Calculate the greatest common divisor of 190 and 111606.
38
Calculate the greatest common divisor of 5240 and 11135.
655
What is the highest common factor of 60 and 119740?
20
Calculate the highest common factor of 120 and 178080.
120
Calculate the highest common divisor of 1638 and 6461.
91
What is the highest common divisor of 882 and 107058?
42
Calculate the greatest common divisor of 1660 and 100.
20
What is the greatest common factor of 2440 and 10492?
244
Calculate the highest common factor of 6767 and 23182.
67
What is the highest common divisor of 48 and 93024?
48
What is the greatest common divisor of 180 and 70260?
60
Calculate the highest common factor of 56504 and 56.
56
What is the highest common divisor of 178324 and 654?
218
Calculate the highest common factor of 5975 and 8.
1
What is the greatest common factor of 26308 and 4?
4
What is the greatest common divisor of 104995 and 830?
415
Calculate the greatest common factor of 14587 and 29.
29
What is the highest common divisor of 24837 and 51?
51
Calculate the highest common divisor of 832 and 2899.
13
What is the greatest common divisor of 475 and 162165?
95
What is the greatest common divisor of 151861 and 34?
17
What is the highest common factor of 1130 and 933606?
226
What is the greatest common divisor of 318582 and 99?
99
What is the greatest common divisor of 2907 and 111?
3
What is the greatest common factor of 2249 and 43769?
173
Calculate the highest common factor of 309308 and 212.
212
What is the highest common divisor of 444 and 40737?
111
Calculate the highest common divisor of 8530 and 25.
5
What is the highest common factor of 35917 and 245?
49
Calculate the highest common divisor of 22 and 2612951.
11
What is the highest common factor of 389 and 3977136?
389
What is the highest common factor of 57 and 13319?
19
What is the greatest common factor of 2117 and 1769?
29
What is the highest common factor of 2045 and 15?
5
What is the highest common factor of 18150 and 418?
22
What is the greatest common factor of 6789 and 1095?
219
What is the highest common divisor of 10881 and 108108?
351
What is the highest common factor of 15041 and 4030?
13
What is the highest common divisor of 3781 and 931?
19
Calculate the greatest common divisor of 39 and 44473.
13
Calculate the highest common factor of 198308 and 44.
44
Calculate the greatest common divisor of 1719 and 3948543.
1719
What is the greatest common divisor of 28932 and 108?
12
Calculate the greatest common divisor of 708 and 352938.
354
Calculate the greatest common factor of 2729279 and 7.
7
Calculate the highest common divisor of 6024509 and 1922.
961
What is the highest common divisor of 5251 and 11926?
89
Calculate the highest common divisor of 192693 and 24.
3
What is the highest common divisor of 6 and 262206?
6
Calculate the highest common divisor of 1870590 and 30.
30
What is the highest common factor of 624055 and 95?
95
What is the highest common divisor of 39 and 43810?
13
What is the greatest common divisor of 2124 and 99238?
118
Calculate the greatest common factor of 1647 and 2440.
61
What is the highest common divisor of 178827 and 1056?
33
What is the highest common factor of 124 and 775062?
62
What is the highest common factor of 4056 and 129?
3
What is the highest common factor of 120457 and 1141?
163
What is the highest common divisor of 302605 and 10?
5
What is the greatest common divisor of 11 and 206822?
11
What is the greatest common factor of 98 and 1093778?
98
Calculate the greatest common factor of 13334 and 14278.
118
Calculate the highest common factor of 1040907 and 147.
147
Calculate the greatest common factor of 6560 and 19120.
80
Calculate the highest common factor of 1053 and 1646658.
117
Calculate the highest common divisor of 151715 and 665.
95
Calculate the highest common divisor of 30 and 303110.
10
What is the highest common divisor of 22879 and 835?
167
What is the greatest common factor of 12107728 and 562?
562
What is the highest common factor of 32 and 25712?
16
What is the highest common factor of 20962 and 2676?
446
Calculate the greatest common divisor of 689 and 169.
13
What is the greatest common factor of 41078 and 19?
19
What is the highest common divisor of 1083 and 6099?
57
What is the greatest common factor of 1359 and 86?
1
Calculate the highest common divisor of 272403 and 4248.
531
Calculate the highest common divisor of 6182 and 847.
11
What is the greatest common divisor of 2974560 and 105?
15
What is the greatest common factor of 288 and 134496?
288
What is the highest common divisor of 57038 and 237?
79
What is the greatest common factor of 6031 and 2608?
163
Calculate the greatest common divisor of 992 and 310.
62
What is the greatest common factor of 23999 and 3961?
233
Calculate the greatest common divisor of 82803 and 609.
21
Calculate the greatest common factor of 5700 and 20400.
300
Calculate the highest common factor of 172 and 430.
86
Calculate the highest common factor of 14883 and 18876.
363
What is the greatest common factor of 29141 and 38801?
161
Calculate the highest common divisor of 135 and 11625.
15
What is the highest common divisor of 9352 and 152?
8
Calculate the greatest common divisor of 3335 and 2070.
115
What is the greatest common factor of 1733842 and 22?
22
What is the highest common divisor of 155817 and 2871?
261
Calculate the highest common factor of 245804 and 1334.
58
Calculate the highest common factor of 960 and 123440.
80
Calculate the highest common factor of 62601 and 462.
231
Calculate the highest common factor of 46485 and 240.
15
Calculate the highest common divisor of 24 and 111324.
12
What is the greatest common divisor of 555 and 71965?
185
What is the highest common divisor of 13200 and 8576700?
3300
What is the greatest common divisor of 3520 and 8690?
110
What is the highest common divisor of 52785 and 4029?
51
Calculate the greatest common divisor of 191087 and 1027.
13
Calculate the highest common factor of 1280 and 191960.
40
What is the highest common divisor of 1880 and 1014260?
940
Calculate the highest common divisor of 235989 and 117.
117
What is the highest common divisor of 19 and 8965207?
19
Calculate the highest common factor of 5964 and 6887.
71
What is the highest common factor of 44 and 891?
11
Calculate the highest common factor of 2128 and 146984.
152
Calculate the highest common divisor of 7024 and 29413.
439
Calculate the highest common divisor of 169867 and 481.
37
What is the greatest common factor of 24030 and 2430?
270
What is the greatest common divisor of 154 and 56903?
77
Calculate the highest common factor of 210 and 38766.
42
What is the greatest common factor of 18 and 2157?
3
Calculate the greatest common divisor of 19998 and 396.
198
Calculate the highest common divisor of 208938 and 5026.
718
Calculate the greatest common factor of 300894 and 2522.
194
What is the highest common divisor of 848 and 5488?
16
Calculate the highest common factor of 31 and 9613.
1
What is the highest common divisor of 8883 and 546?
21
Calculate the greatest common factor of 4 and 7004596.
4
What is the greatest common factor of 723270 and 120?
30
Calculate the highest common divisor of 47556 and 108.
36
What is the highest common factor of 1248 and 1521?
39
Calculate the highest common factor of 152 and 425600.
152
Calculate the greatest common divisor of 34293 and 347403.
1491
What is the greatest common factor of 25249744 and 26?
26
What is the highest common factor of 22 and 272063?
11
Calculate the greatest common divisor of 105521 and 13.
13
Calculate the highest common factor of 72736 and 368.
16
What is the greatest common divisor of 1710713 and 83?
83
Calculate the highest common divisor of 15369 and 7521.
327
What is the highest common factor of 125640 and 2232?
72
What is the greatest common divisor of 56 and 107772?
28
What is the highest common factor of 23 and 58949?
23
Calculate the greatest common factor of 19464 and 291149.
811
Calculate the highest common divisor of 5235897 and 1158.
579
What is the highest common factor of 18 and 19161?
9
What is the greatest common divisor of 801444 and 113